{"id":10108,"date":"2022-08-10T09:43:55","date_gmt":"2022-08-10T14:43:55","guid":{"rendered":"https:\/\/basicas.utp.edu.co\/matematicas\/?page_id=10030"},"modified":"2023-05-24T09:59:53","modified_gmt":"2023-05-24T14:59:53","slug":"inversion-y-financiacion","status":"publish","type":"page","link":"https:\/\/salud.utp.edu.co\/especializacion-medicina-critica-intensivo\/inversion-y-financiacion\/","title":{"rendered":"Inversi\u00f3n y Financiaci\u00f3n"},"content":{"rendered":"<div class=\"wp-block-image\">\n<figure class=\"aligncenter size-large\"><img decoding=\"async\" src=\"https:\/\/media2.utp.edu.co\/programas\/7\/valor-de-la-matricula.png\" alt=\"\"\/><\/figure>\n<\/div>\n\n\n<h3 class=\"wp-block-heading\"><strong>Descuentos<\/strong><\/h3>\n\n\n\n<ul class=\"wp-block-list\">\n<li>Si eres Egresado de cualquier programa de pregrado de la UTP, tienes un&nbsp;<strong>10% de descuento<\/strong>&nbsp;en tu matr\u00edcula para estudiar posgrado.<br>&nbsp;<\/li>\n\n\n\n<li>Si votaste en las \u00faltimas elecciones y tienes tu certificado electoral, tienes otro&nbsp;<strong>10% de descuento<\/strong><\/li>\n<\/ul>\n\n\n\n<h3 class=\"wp-block-heading\">Financiaci\u00f3n<\/h3>\n\n\n\n<p><span class=\"post-content__span\"> Todo lo que necesitas para acceder a cr\u00e9dito educativo con el Icetex y financiar tu matr\u00edcula, lo encuentras con&nbsp;<a href=\"https:\/\/www.utp.edu.co\/fasut\/credito-educativo\/financiacion-de-matricula.html\"><strong>el&nbsp;Fasut<\/strong><\/a><\/p>\n\n\n\n<p><span class=\"post-content__span\"> <em><strong>\u00a1Visita nuestras oficinas y facilita tu proceso de estudio!<\/strong><\/em><\/p>\n\n\n\n<p><span class=\"post-content__span\"> <strong>Mayor informaci\u00f3n<\/strong><br>Edificio cafeter\u00eda principal de la UTP \u2022&nbsp;<strong>Tel\u00e9fonos:<\/strong>&nbsp;321 0029 \u2013 313 7405 \u2022&nbsp;<strong>Celular \u2013 WhatsApp<\/strong>&nbsp;320 7261247 \u2022&nbsp;<strong>e-mail:<\/strong><a href=\"mailto:fasut@utp.edu.co\">fasutcreditoeducativo@gmail.co<\/a><a href=\"mailto:fasutcreditoeducativo@gmail.com\">m<\/a><\/p>\n","protected":false},"excerpt":{"rendered":"<p>Descuentos Financiaci\u00f3n Todo lo que necesitas para acceder a cr\u00e9dito educativo con el Icetex y financiar tu matr\u00edcula, lo encuentras con&nbsp;el&nbsp;Fasut \u00a1Visita nuestras oficinas y facilita tu proceso de estudio! [&#8230;]<\/p>\n","protected":false},"author":1,"featured_media":0,"parent":0,"menu_order":0,"comment_status":"closed","ping_status":"closed","template":"","meta":{"footnotes":""},"class_list":["post-10108","page","type-page","status-publish","hentry"],"_links":{"self":[{"href":"https:\/\/salud.utp.edu.co\/especializacion-medicina-critica-intensivo\/wp-json\/wp\/v2\/pages\/10108","targetHints":{"allow":["GET"]}}],"collection":[{"href":"https:\/\/salud.utp.edu.co\/especializacion-medicina-critica-intensivo\/wp-json\/wp\/v2\/pages"}],"about":[{"href":"https:\/\/salud.utp.edu.co\/especializacion-medicina-critica-intensivo\/wp-json\/wp\/v2\/types\/page"}],"author":[{"embeddable":true,"href":"https:\/\/salud.utp.edu.co\/especializacion-medicina-critica-intensivo\/wp-json\/wp\/v2\/users\/1"}],"replies":[{"embeddable":true,"href":"https:\/\/salud.utp.edu.co\/especializacion-medicina-critica-intensivo\/wp-json\/wp\/v2\/comments?post=10108"}],"version-history":[{"count":2,"href":"https:\/\/salud.utp.edu.co\/especializacion-medicina-critica-intensivo\/wp-json\/wp\/v2\/pages\/10108\/revisions"}],"predecessor-version":[{"id":10252,"href":"https:\/\/salud.utp.edu.co\/especializacion-medicina-critica-intensivo\/wp-json\/wp\/v2\/pages\/10108\/revisions\/10252"}],"wp:attachment":[{"href":"https:\/\/salud.utp.edu.co\/especializacion-medicina-critica-intensivo\/wp-json\/wp\/v2\/media?parent=10108"}],"curies":[{"name":"wp","href":"https:\/\/api.w.org\/{rel}","templated":true}]}}