{"id":10112,"date":"2022-08-10T09:49:09","date_gmt":"2022-08-10T14:49:09","guid":{"rendered":"https:\/\/basicas.utp.edu.co\/matematicas\/?page_id=10038"},"modified":"2024-10-17T11:09:25","modified_gmt":"2024-10-17T16:09:25","slug":"contacto","status":"publish","type":"page","link":"https:\/\/salud.utp.edu.co\/especializacion-gerencia-deporte-recreacion\/contacto\/","title":{"rendered":"Contacto"},"content":{"rendered":"\n<div class=\"wp-block-contact-form-7-contact-form-selector\">\n<div class=\"wpcf7 no-js\" id=\"wpcf7-f10089-o1\" lang=\"es-ES\" dir=\"ltr\" data-wpcf7-id=\"10089\">\n<div class=\"screen-reader-response\"><p role=\"status\" aria-live=\"polite\" aria-atomic=\"true\"><\/p> <ul><\/ul><\/div>\n<form action=\"\/especializacion-gerencia-deporte-recreacion\/wp-json\/wp\/v2\/pages\/10112#wpcf7-f10089-o1\" method=\"post\" class=\"wpcf7-form init\" aria-label=\"Formulario de contacto\" novalidate=\"novalidate\" data-status=\"init\">\n<fieldset class=\"hidden-fields-container\"><input type=\"hidden\" name=\"_wpcf7\" value=\"10089\" \/><input type=\"hidden\" name=\"_wpcf7_version\" value=\"6.1.4\" \/><input type=\"hidden\" name=\"_wpcf7_locale\" value=\"es_ES\" \/><input type=\"hidden\" name=\"_wpcf7_unit_tag\" value=\"wpcf7-f10089-o1\" \/><input type=\"hidden\" name=\"_wpcf7_container_post\" value=\"0\" \/><input type=\"hidden\" name=\"_wpcf7_posted_data_hash\" value=\"\" \/><input type=\"hidden\" name=\"_wpcf7_recaptcha_response\" value=\"\" \/>\n<\/fieldset>\n<section class=\"col-12 formulario\">\n\t<article class=\"col-12 p-4\">\n\t\t<p class=\"text-center\" style=\"font-size: 19px; color: #004278;\"><strong>Si deseas m\u00e1s informaci\u00f3n d\u00e9janos tus datos<\/strong>\n\t\t<\/p>\n\t\t<div class=\"col-12 my-2\">\n\t\t\t<p><span class=\"wpcf7-form-control-wrap\" data-name=\"nombre\"><input size=\"40\" maxlength=\"40\" minlength=\"7\" class=\"wpcf7-form-control wpcf7-text wpcf7-validates-as-required col-12 form-control\" id=\"nombreyapellidos\" aria-required=\"true\" aria-invalid=\"false\" placeholder=\"Nombre completo\" value=\"\" type=\"text\" name=\"nombre\" \/><\/span>\n\t\t\t<\/p>\n\t\t<\/div>\n\t\t<div class=\"col-12 my-2\">\n\t\t\t<p><span class=\"wpcf7-form-control-wrap\" data-name=\"ciudad\"><input size=\"40\" maxlength=\"40\" minlength=\"3\" class=\"wpcf7-form-control wpcf7-text wpcf7-validates-as-required col-12 form-control\" id=\"ciudad\" aria-required=\"true\" aria-invalid=\"false\" placeholder=\"Ciudad de Origen\" value=\"\" type=\"text\" name=\"ciudad\" \/><\/span>\n\t\t\t<\/p>\n\t\t<\/div>\n\t\t<div class=\"col-12 my-2\">\n\t\t\t<p><span class=\"wpcf7-form-control-wrap\" data-name=\"email\"><input size=\"40\" maxlength=\"400\" class=\"wpcf7-form-control wpcf7-email wpcf7-validates-as-required wpcf7-text wpcf7-validates-as-email col-12 form-control\" id=\"correo\" aria-required=\"true\" aria-invalid=\"false\" placeholder=\"E-mail\" value=\"\" type=\"email\" name=\"email\" \/><\/span>\n\t\t\t<\/p>\n\t\t<\/div>\n\t\t<div class=\"col-12 my-2\">\n\t\t\t<p><span class=\"wpcf7-form-control-wrap\" data-name=\"telefono\"><input size=\"40\" maxlength=\"20\" minlength=\"7\" class=\"wpcf7-form-control wpcf7-tel wpcf7-validates-as-required wpcf7-text wpcf7-validates-as-tel col-12 form-control\" id=\"celular\" aria-required=\"true\" aria-invalid=\"false\" placeholder=\"Celular\" value=\"\" type=\"tel\" name=\"telefono\" \/><\/span>\n\t\t\t<\/p>\n\t\t<\/div>\n\t\t<div class=\"text-start col-12\">\n\t\t\t<p><span class=\"wpcf7-form-control-wrap\" data-name=\"Comentario\"><textarea cols=\"40\" rows=\"5\" maxlength=\"2000\" minlength=\"20\" class=\"wpcf7-form-control wpcf7-textarea form-control textbox\" id=\"Comentario\" aria-invalid=\"false\" placeholder=\"Comentarios adicionales\" name=\"Comentario\"><\/textarea><\/span>\n\t\t\t<\/p>\n\t\t<\/div>\n\t\t<p><span class=\"wpcf7-form-control-wrap\" data-name=\"terminos_y_condiciones\"><span class=\"wpcf7-form-control wpcf7-acceptance\"><span class=\"wpcf7-list-item\"><label><input type=\"checkbox\" name=\"terminos_y_condiciones\" value=\"1\" class=\"required\" aria-invalid=\"false\" \/><span class=\"wpcf7-list-item-label\"><a class=\"text-black\" href=\"https:\/\/comunicaciones.utp.edu.co\/noticias\/23652\/autorizacion-de-uso-de-los-datos-personales-habeas-data\" target=\"_blank\"> Pol\u00edtica de Tratamiento de Protecci\u00f3n de Datos Personales de la Universidad<\/a>.<\/span><\/label><\/span><\/span><\/span>\n\t\t<\/p>\n\t\t<div class=\"checkbox mb-3\">\n\t\t\t<div class=\"cf-turnstile\" data-sitekey=\"0x4AAAAAABlg5qsSmkzZN69r\" data-theme=\"light\">\n\t\t\t<\/div>\n\t\t<\/div>\n\t\t<p class=\"m-0\"><br \/>\n<input class=\"wpcf7-form-control wpcf7-submit has-spinner btn btn-primary w-100 btn-block\" type=\"submit\" value=\"Solicitar informaci\u00f3n\" \/>\n\t\t<\/p>\n\t<\/article>\n<\/section><div class=\"wpcf7-response-output\" aria-hidden=\"true\"><\/div>\n<\/form>\n<\/div>\n<\/div>\n","protected":false},"excerpt":{"rendered":"","protected":false},"author":1,"featured_media":0,"parent":0,"menu_order":0,"comment_status":"closed","ping_status":"closed","template":"","meta":{"footnotes":""},"class_list":["post-10112","page","type-page","status-publish","hentry"],"_links":{"self":[{"href":"https:\/\/salud.utp.edu.co\/especializacion-gerencia-deporte-recreacion\/wp-json\/wp\/v2\/pages\/10112","targetHints":{"allow":["GET"]}}],"collection":[{"href":"https:\/\/salud.utp.edu.co\/especializacion-gerencia-deporte-recreacion\/wp-json\/wp\/v2\/pages"}],"about":[{"href":"https:\/\/salud.utp.edu.co\/especializacion-gerencia-deporte-recreacion\/wp-json\/wp\/v2\/types\/page"}],"author":[{"embeddable":true,"href":"https:\/\/salud.utp.edu.co\/especializacion-gerencia-deporte-recreacion\/wp-json\/wp\/v2\/users\/1"}],"replies":[{"embeddable":true,"href":"https:\/\/salud.utp.edu.co\/especializacion-gerencia-deporte-recreacion\/wp-json\/wp\/v2\/comments?post=10112"}],"version-history":[{"count":2,"href":"https:\/\/salud.utp.edu.co\/especializacion-gerencia-deporte-recreacion\/wp-json\/wp\/v2\/pages\/10112\/revisions"}],"predecessor-version":[{"id":10302,"href":"https:\/\/salud.utp.edu.co\/especializacion-gerencia-deporte-recreacion\/wp-json\/wp\/v2\/pages\/10112\/revisions\/10302"}],"wp:attachment":[{"href":"https:\/\/salud.utp.edu.co\/especializacion-gerencia-deporte-recreacion\/wp-json\/wp\/v2\/media?parent=10112"}],"curies":[{"name":"wp","href":"https:\/\/api.w.org\/{rel}","templated":true}]}}