{"id":28,"date":"2025-02-25T10:39:31","date_gmt":"2025-02-25T15:39:31","guid":{"rendered":"https:\/\/salud.utp.edu.co\/especializacion-entrenamiento-deportivo-y-readaptacion-funcional\/?page_id=28"},"modified":"2025-02-26T10:44:20","modified_gmt":"2025-02-26T15:44:20","slug":"inversion-y-financiacion","status":"publish","type":"page","link":"https:\/\/salud.utp.edu.co\/especializacion-entrenamiento-deportivo-y-readaptacion-funcional\/inversion-y-financiacion\/","title":{"rendered":"Inversi\u00f3n y Financiaci\u00f3n"},"content":{"rendered":"<div class=\"wp-block-image\">\n<figure class=\"aligncenter size-full\"><img loading=\"lazy\" decoding=\"async\" width=\"500\" height=\"170\" src=\"https:\/\/media2.utp.edu.co\/programas\/134\/image.png\" alt=\"\" class=\"wp-image-88\"\/><\/figure>\n<\/div>\n\n\n<p><span class=\"post-content__span\"> Inscripci\u00f3n corresponde al 10% del SMMLV, el costo del semestre es de 3.5 SMMLV, los cuales ser\u00e1n podr\u00e1n ser pagados en efectivos, tarjeta de cr\u00e9ditos y financiaci\u00f3n mediante el Fasut u otra entidad independiente que le ofrece la Universidad.<\/p>\n","protected":false},"excerpt":{"rendered":"<p>Inscripci\u00f3n corresponde al 10% del SMMLV, el costo del semestre es de 3.5 SMMLV, los cuales ser\u00e1n podr\u00e1n ser pagados en efectivos, tarjeta de cr\u00e9ditos y financiaci\u00f3n mediante el Fasut [&#8230;]<\/p>\n","protected":false},"author":1,"featured_media":0,"parent":0,"menu_order":0,"comment_status":"closed","ping_status":"closed","template":"","meta":{"footnotes":""},"class_list":["post-28","page","type-page","status-publish","hentry"],"_links":{"self":[{"href":"https:\/\/salud.utp.edu.co\/especializacion-entrenamiento-deportivo-y-readaptacion-funcional\/wp-json\/wp\/v2\/pages\/28","targetHints":{"allow":["GET"]}}],"collection":[{"href":"https:\/\/salud.utp.edu.co\/especializacion-entrenamiento-deportivo-y-readaptacion-funcional\/wp-json\/wp\/v2\/pages"}],"about":[{"href":"https:\/\/salud.utp.edu.co\/especializacion-entrenamiento-deportivo-y-readaptacion-funcional\/wp-json\/wp\/v2\/types\/page"}],"author":[{"embeddable":true,"href":"https:\/\/salud.utp.edu.co\/especializacion-entrenamiento-deportivo-y-readaptacion-funcional\/wp-json\/wp\/v2\/users\/1"}],"replies":[{"embeddable":true,"href":"https:\/\/salud.utp.edu.co\/especializacion-entrenamiento-deportivo-y-readaptacion-funcional\/wp-json\/wp\/v2\/comments?post=28"}],"version-history":[{"count":2,"href":"https:\/\/salud.utp.edu.co\/especializacion-entrenamiento-deportivo-y-readaptacion-funcional\/wp-json\/wp\/v2\/pages\/28\/revisions"}],"predecessor-version":[{"id":89,"href":"https:\/\/salud.utp.edu.co\/especializacion-entrenamiento-deportivo-y-readaptacion-funcional\/wp-json\/wp\/v2\/pages\/28\/revisions\/89"}],"wp:attachment":[{"href":"https:\/\/salud.utp.edu.co\/especializacion-entrenamiento-deportivo-y-readaptacion-funcional\/wp-json\/wp\/v2\/media?parent=28"}],"curies":[{"name":"wp","href":"https:\/\/api.w.org\/{rel}","templated":true}]}}

Inversión y Financiación

<div class="wp-block-image">
<figure class="aligncenter size-full"><img loading="lazy" decoding="async" width="500" height="170" src="https://media2.utp.edu.co/programas/134/image.png" alt="" class="wp-image-88"/></figure>
</div>


<p><span class="post-content__span"> Inscripción corresponde al 10% del SMMLV, el costo del semestre es de 3.5 SMMLV, los cuales serán podrán ser pagados en efectivos, tarjeta de créditos y financiación mediante el Fasut u otra entidad independiente que le ofrece la Universidad.</p>

<p>Inscripción corresponde al 10% del SMMLV, el costo del semestre es de 3.5 SMMLV, los cuales serán podrán ser pagados en efectivos, tarjeta de créditos y financiación mediante el Fasut [&#8230;]</p>
